 = 13*u. Let h be ((-18)/(-24))/((-5)/u). Calculate the greatest common factor of 36 and h.
12
Suppose 0 = -69*a + 6*a + 5355. Calculate the greatest common divisor of 30 and a.
5
Let w(r) = r**2 - 16*r + 30. Let x be w(15). What is the greatest common factor of x and 165?
15
Suppose d + 342 = -5*p, -2*p = 2*p + 5*d + 282. Let s(q) = -5*q + 47. Let o be s(-14). Let i = o + p. Calculate the highest common divisor of 7 and i.
7
Let g(y) = -2*y + 6. Let l be g(-6). Suppose -14 - l = -2*s. Let k = 15 - -1. Calculate the greatest common factor of s and k.
16
Let v(l) = l**3 + 10*l**2 + 7*l - 7. Let g = 24 + -33. Let y be v(g). What is the greatest common divisor of 11 and y?
11
Let o = -2043 - -2067. What is the greatest common divisor of o and 2172?
12
Suppose 36*y - 143 = 25*y. Calculate the greatest common factor of 871 and y.
13
Suppose 0 = 6*x - 5*x - 70. What is the highest common factor of 42 and x?
14
Suppose -2*l = -6 - 4. Let g = -5 - -8. Suppose -l*r + 35 + 57 = -4*x, -g*r + 52 = -4*x. Calculate the greatest common divisor of 4 and r.
4
Let m(b) = 2*b**2 - 3*b + 1. Let l be m(3). Suppose 2*t - 6*t - 4 = -4*k, -k - 29 = 4*t. Let o be -2*4/t*225/6. What is the highest common factor of l and o?
10
Suppose -11*s + 36 = -107. Calculate the highest common factor of 13 and s.
13
Suppose 2737*m + 18 = 2740*m. Suppose 3*j - 3*t - 36 = 0, 8*t - 3*t = -15. Calculate the highest common divisor of m and j.
3
Suppose 3*l = -2*f + 6*f + 3236, 4*f = -3*l + 3244. What is the highest common factor of l and 240?
120
Suppose -4*q - 108 - 12 = -s, 0 = -s + 5*q + 120. What is the highest common factor of 45 and s?
15
Let q = -20 - -11. Let z = q - 7. Let l be z/(-3)*6/4. Calculate the greatest common factor of l and 24.
8
Let y(l) = -l**2 - 9*l + 3. Suppose 0 = -q + 3*q - 24. Let r be 3/(-12) - 93/q. Let j be y(r). Calculate the greatest common divisor of 121 and j.
11
Let q be (-2 + 1 + 2)*15. Calculate the highest common factor of q and 30.
15
Let f = -12 + 0. Let p be (42/f)/(3/(-18)). Calculate the highest common divisor of p and 7.
7
Let h be (1*-2)/1 - 2. Let z(j) = -5*j. Let q be z(h). Let r = 1808 + -1648. Calculate the highest common divisor of q and r.
20
Let j be 1 - (15 - 0) - 0. Let y(w) = -w. Let o be y(j). Let f = -10 - -45. Calculate the greatest common divisor of o and f.
7
Let c be 14 + (3/(-3) - -3). Let i be 1 - (-21)/(-3)*-37. Suppose -444 = -4*f + i. Calculate the highest common factor of c and f.
16
Let w be (40/(-25))/((-1)/(4 + 1)). Suppose 125 = 13*b - w*b. Calculate the highest common divisor of 20 and b.
5
Let i(f) = -f**2 + 3*f + 5. Let u be i(4). Let n = u + 15. Calculate the highest common factor of 4 and n.
4
Suppose 33*r + 29*r = 1116. What is the highest common divisor of r and 82?
2
Let q be (-77)/(-14) - 1/2. Suppose -q*p + 37 = 2. What is the highest common divisor of 112 and p?
7
Suppose 0 = -2*u + j + 257, j - 2*j - 129 = -u. Let l be 323/153 + -1 - 402/(-27). What is the highest common divisor of u and l?
16
Let s = 354 - 337. What is the greatest common factor of s and 323?
17
Let c be 3*-1*78/(-9). Let t = -50 - -80. Let f = t - c. Calculate the greatest common factor of 20 and f.
4
Let a(u) = 27*u**2 + 11*u - 11. Let j be a(1). Suppose -4*s + 45 = s. What is the greatest common factor of s and j?
9
Let b be (12 + 3)*((-168)/(-9))/7. Let o = -6 + 14. Calculate the highest common factor of o and b.
8
Suppose -13*s - 6*s = -1881. Suppose 166*c = 163*c + s. Calculate the highest common divisor of c and 33.
33
Let s(b) = -1585*b - 5. Let a be s(-2). Let r be a/27 - (-16)/(-72). Calculate the highest common factor of 9 and r.
9
Let s be 1/1*-1 + 287. Suppose 5*b + 582 = -3*t - 178, 3*t + 140 = -b. Let p = b - -181. Calculate the greatest common factor of s and p.
26
Let s be (-11)/((-605)/671) + (-8)/(-10). Let b(l) = 11*l - 1. Let u be b(6). Calculate the greatest common factor of s and u.
13
Let r(z) = -z**2 + 10*z + 120. Let t be r(15). Let n = 15 - 6. Calculate the highest common divisor of t and n.
9
Suppose -2*j = -5*h + 67, 0 = 4*j + 2 + 2. Let a(r) = r - 3. Let o be a(h). Calculate the highest common factor of 170 and o.
10
Suppose -q = 4*s - 37, 3*q = s + 2*q - 3. Let b(r) = -r**2 - 15*r + 46. Let c be b(-13). Calculate the greatest common divisor of s and c.
8
Let v(p) = -p**3 - 12*p**2 + 26*p - 7. Let d(u) = -u - 27. Let z be d(-13). Let f be v(z). What is the greatest common divisor of f and 3?
3
Let n = 8 + -3. Suppose 2*l + n*j + 23 = 6*l, 5*l = j + 34. Suppose 3*c + 3*o - 234 = 0, 80 = c + o + 2*o. What is the highest common factor of c and l?
7
Let i be (-84)/(-8 + -4) - -1. Calculate the highest common factor of 936 and i.
8
Let m = -534 - -642. Suppose 0*b = 2*r - b - 27, 4*r - b = 51. Calculate the highest common divisor of m and r.
12
Suppose -4*j + 4*q = -3506 - 7310, 0 = j + 4*q - 2689. What is the greatest common divisor of 73 and j?
73
Let s(w) = w + 5. Let m be s(-2). Suppose 3*l - 110 = c, -3*l + m*c + 100 = 4*c. What is the highest common divisor of l and 14?
7
Let t be ((-16 + 2)*-1)/(20/(-30)). Let h(a) = a**3 + 21*a**2 - a - 1. Let s be h(t). What is the highest common divisor of s and 8?
4
Let r = -10 + 17. Let u = -38 + -16. Let a = u - -131. What is the highest common divisor of a and r?
7
Suppose 5*g - 2*g = 105. Suppose -3*f + 2*a = -35, 0 = -f + 3*f + a - g. What is the highest common divisor of f and 30?
15
Let v be 3 + 1 - -237 - -1. Let c be v/10*(7 - 2). Let t(n) = -4*n - 1. Let d be t(-3). Calculate the highest common divisor of c and d.
11
Suppose -4*u + 3*z + 0 = -1, 0 = 3*u - 5*z + 13. Suppose 33 = o + u*y, -2*o + y = o - 60. Let b = o - -11. What is the highest common factor of 80 and b?
16
Suppose 3*k - 232 - 62 = 0. Suppose -1029 = -i - 6*i. What is the highest common divisor of i and k?
49
Suppose -h + 3*r = -183, -3*h - 2*r + 76 + 495 = 0. Suppose 0 = -16*c + 5*c + 209. Let t = 40 - c. Calculate the greatest common divisor of h and t.
21
Suppose -25 = -4*t - 0*t - d, d + 38 = 5*t. Let f be (-1)/((-8)/t - -1). Suppose -f = m - 22. What is the highest common factor of m and 10?
5
Let k be ((-50464)/(-60))/8 + (-10)/75. What is the highest common divisor of k and 168?
21
Let x(i) = i**2 - 29*i + 25. Let l be x(29). Let r be (-15 - l)/((-4)/6). Calculate the greatest common divisor of 15 and r.
15
Suppose 121*j = 339 + 145. Calculate the greatest common divisor of 94 and j.
2
Suppose -120 = -4*i - 5*q, -5*q = -i - 17 + 47. Let k = -29 + i. Calculate the greatest common factor of 3 and k.
1
Let v = -366 - -552. Calculate the greatest common divisor of 6 and v.
6
Let z be (39/9 - 1)/(8/408). What is the highest common factor of 10 and z?
10
Let b(s) = 9*s**2 + 1. Let y be b(-1). Let p = 18 - y. Let n(v) = v**2 - 74*v - 148. Let u be n(76). Calculate the greatest common factor of u and p.
4
Let m = -679 - -2369. What is the highest common factor of 65 and m?
65
Let r(g) = 210*g**3 - 4*g**2 - 7*g + 22. Let l be r(2). What is the greatest common divisor of 88 and l?
88
Let q = 96 - 99. Let o be (-5)/q - (-15)/45. Calculate the greatest common divisor of o and 10.
2
Let l(k) = 4*k**2 - 8*k + 14. Let z be l(5). Suppose -2*a + 30 = -44. What is the highest common divisor of a and z?
37
Let o = -10 + 14. Suppose 3*g - 14 = -4*p, -3*g = -2*p - p. Suppose o*c - 110 + p = 0. Calculate the greatest common divisor of c and 18.
9
Suppose 11 = -4*g + 19. Suppose -902 - 224 = -g*f. Suppose -3*o - 203 + f = 0. Calculate the highest common factor of o and 15.
15
Let x be (-8 - -1)/(-2 + 1). Let j = 71 + -125. Let c be j/(-1) + -3 + 5. Calculate the highest common factor of c and x.
7
Suppose 4*f = 5*q - 125, 3*f = -0*f. Let k = -4 - -7. Suppose 13 = 2*i + v, i - v + 7 = k*v. Calculate the highest common factor of i and q.
5
Let m = 81 + -86. Let y be 6*m/(-6)*4. Suppose -2*f - 180 = -3*f. Calculate the greatest common divisor of f and y.
20
Suppose -5*a = -3 - 282. Let p be 10/(-4) + 2 - ((-335)/10 + -5). What is the greatest common factor of p and a?
19
Let o = -272 - -293. What is the highest common factor of o and 105?
21
Let h be (1/(4/16))/2. Let d(z) = 7 - h - 1 - 2*z - 3. Let m be d(-2). Calculate the highest common factor of 1 and m.
1
Suppose 4*w + 0*w - 5*g - 1 = 0, g + 5 = -4*w. Le